, 3, 5
Let r(w) = -147*w**3 + w**2. What are the prime factors of r(-1)?
2, 37
Let x = 30 + -3. What are the prime factors of 4550/63 - (87/x - 3)?
2, 3
Suppose -689 = -4*n + 763. List the prime factors of n.
3, 11
What are the prime factors of 25/(75/(-24)) + 2290?
2, 7, 163
Let f(x) = x**2 + 2. Let p be f(-1). What are the prime factors of (-1)/p - 763/(-21)?
2, 3
Let w(s) = 13*s - 9 - s**3 - 17*s**2 - 13 - 17*s. List the prime factors of w(-17).
2, 23
What are the prime factors of 1/(-8) + (-897525)/(-360)?
3, 277
Let v(i) = -i**3 - 7*i**2 + 4. Let q be v(-7). Suppose 2*g + 0*g + q*m - 72 = 0, -4*g + 4*m = -120. Suppose 2*d = g - 4. List the prime factors of d.
2, 7
Let f = 12 - 2. Suppose -s + 6*s = 2*m + f, 0 = -4*m. List the prime factors of (s/4)/((-3)/(-30)).
5
Let u = 17 + -13. Suppose d = 5*h + 4*d - 6, -4*h + 9 = d. Suppose -h*a + 2*w = 6*w - 68, -u*w = -20. What are the prime factors of a?
2
Let t be ((-8)/4 - -1) + 27. Let z = 26 - t. Suppose 42 = y + 2*d, -y + z*d + 62 = -3*d. What are the prime factors of y?
2, 5
What are the prime factors of 202/3*(-22)/((-44)/6)?
2, 101
List the prime factors of (24/(-36))/((-2)/3672).
2, 3, 17
Let s = -181 + 178. Let w(d) = d**3 + 3*d**2 - d - 1. Let y(p) = p + 1. Let o(v) = -w(v) - 4*y(v). List the prime factors of o(s).
2, 3
Suppose -614 - 528 = -2*t. What are the prime factors of t?
571
Let n be 10/(-4) - (-104)/16. Suppose -5*b = -2*d + 173 - 772, 587 = 5*b + n*d. What are the prime factors of b?
7, 17
Suppose 3*k + 52*a = 55*a + 1353, -k + 5*a = -439. What are the prime factors of k?
2, 227
Suppose -2*f + 1253 = 5*y, 7*y - 1884 = -3*f + 4*y. Let j = f - 422. List the prime factors of j.
3, 23
Let l(u) = 21. Let h(b) = -b + 1. Let c(f) = 5*h(f) - l(f). What are the prime factors of c(-6)?
2, 7
Suppose 5*n - n + 4*m = 8420, m + 8425 = 4*n. Suppose w + n = 10*w. List the prime factors of w.
2, 3, 13
Let k be ((-6)/(-4))/(1/2). Suppose 3*j - 426 = -k*j. List the prime factors of j.
71
Let o(h) = h**2 - 5*h + 3. Let g be o(8). Let t be (-966)/g - 6/27. List the prime factors of (-440)/t - 4/18.
2, 3
Let a(z) = 4*z**3 - 2*z**2 + z + 1. Let v be a(1). Let b = 71 + v. What are the prime factors of b?
3, 5
Let o be (-4)/18 + (-329)/(-63). Let w = 12 - o. What are the prime factors of w?
7
Suppose 11 = x + 3*y, 0*x + 5*y - 55 = -5*x. Let t = x + -7. List the prime factors of 6/(1/(t/2)).
2, 3
Suppose v - 1 = 1. Suppose -v*c = -4*c + 18. Suppose c = 4*n - 67. List the prime factors of n.
19
Let b(s) = 2*s**3 - 6*s + 3. Let t be b(2). Suppose 476 = 11*x - t*x. List the prime factors of x.
7, 17
Let m = -637 - -1203. What are the prime factors of m?
2, 283
Suppose 178 = o - k, -3*o - 3*k + 194 = -2*o. Suppose -22 = l - o. What are the prime factors of l?
2, 5
Suppose v + v = v. List the prime factors of -2 - v/1 - 540/(-6).
2, 11
Let t be (-2)/6*19*-3. Suppose o - t = -2*o + q, 5*o - 32 = 2*q. What are the prime factors of (-19)/(-7) - o/(-21)?
3
Let n(p) = -154*p - 2. Let h be n(-5). Suppose -14*z = -6*z - h. List the prime factors of z.
2, 3
Let p(s) = -5*s + 16. Suppose -3*h = 10 + 11. Let u be p(h). Suppose 5*i + 3*w - 207 = 0, 4*i - u = -3*w + 117. List the prime factors of i.
3, 13
Let t = -1647 + 2384. What are the prime factors of t?
11, 67
Suppose 0 = 5*u + 2*g, 1 = 5*u - 3*g - 24. Suppose 4*z + 9 = v + 219, 0 = u*z - 5*v - 96. List the prime factors of z.
53
List the prime factors of (-8*1/(-1))/((-4)/(-74)).
2, 37
Suppose 257*n - 250*n - 5446 = 0. What are the prime factors of n?
2, 389
Let y(o) = 497*o**2 + 11*o - 9. What are the prime factors of y(1)?
499
Let h = -82 + 47. Let r be (-16)/(-10)*h/(-2). Let f = -11 + r. List the prime factors of f.
17
Suppose -2*m + 2792 = -25*j + 27*j, 5*j - 2789 = -2*m. What are the prime factors of m?
11, 127
Let d(f) = 2*f**2 - 3*f + 5. Let i be d(-4). Suppose -4*r - 2*v - i - 7 = 0, -3*r + v = 42. List the prime factors of (-1 - 6)*24/r.
2, 3
List the prime factors of (-2 - -1)/(((-121)/(-20922))/(-11)).
2, 3, 317
Let l(q) = q**2 - 14*q + 18. Let x be (-2 - -4) + (-22)/6*-3. What are the prime factors of l(x)?
5
Let n(o) = -45*o + 39*o + 2*o**3 + o**2 - 3*o**3 - 9 - 5*o**2. List the prime factors of n(-6).
3, 11
Let j(i) = -6*i - 13. Suppose 0 = a + 3*z + 9, 9 = -a - z - z. Let t be j(a). Suppose -33 = -o + t. List the prime factors of o.
2, 37
Let w = 4246 - 3025. What are the prime factors of w?
3, 11, 37
Let u be (-12)/(-8) + 26/4. Let f(p) = -13*p**3 + u - 2*p - 4*p**2 + 11*p - 3 + 11*p**3. List the prime factors of f(-4).
3, 11
Let u(j) = -j**2 + 10*j + 16. Let l be u(8). Let v(h) = 3*h - 40. What are the prime factors of v(l)?
2, 7
List the prime factors of -3 - ((-30069)/65 - (-3)/5).
3, 17
Suppose 0 = -5*k - 3*t + 1668, 5*k - 1136 = 3*t + 526. Suppose 5*n + k = 808. Suppose -n = 4*w - 9*w. List the prime factors of w.
19
Let s(z) = 5*z**2 - 37*z - 274. List the prime factors of s(-23).
2, 3, 179
Suppose 6*i = -33 + 933. What are the prime factors of i?
2, 3, 5
Suppose 0*j + 6 = 3*j. Suppose -3*v + j*u = -178, 0 = v - 2*v + u + 58. What are the prime factors of v?
2, 31
Suppose -5*u = -5*q + 18615, -3*u + 8*u + 3727 = q. List the prime factors of q.
2, 1861
Let w(i) = -4*i - 2. Let h = 8 + -5. Let j be -5 - (-1 + h + -2). List the prime factors of w(j).
2, 3
Suppose 0 = -84*w + 76*w + 5808. What are the prime factors of w?
2, 3, 11
Let j be 3 - 13 - (-25)/5. List the prime factors of (-5)/((-2)/j*(-9)/18).
5
Let s(z) = -2*z**2 + 2. Let m be s(2). What are the prime factors of (2/m)/(3/(-603))?
67
Suppose -2*g - 2*o = 2*o - 20, 3*o = -2*g + 15. Suppose 6*m - 5*m - 60 = g. What are the prime factors of m?
2, 3, 5
Let u(j) = -j**2 + 8*j + 11. Let y be u(9). Suppose 2*p - 2*l = -y*p + 350, 4*p = -5*l + 385. Suppose 0 = 3*w + 2*w - p. List the prime factors of w.
2, 3
Let w = -43 + 49. Suppose p = -w + 27. List the prime factors of p.
3, 7
Let c = -87 - 39. Let z = 232 + c. List the prime factors of z.
2, 53
Suppose 0 = -55*p + 164*p - 382917. What are the prime factors of p?
3, 1171
Let s(k) = -4*k + 10. Let d be ((-12)/(-6))/(2/(-14)). List the prime factors of s(d).
2, 3, 11
Let w(q) = 127*q**2 - 3*q + 2. List the prime factors of w(1).
2, 3, 7
Let g be 2/(-18)*3 - (-10)/3. Suppose -414 = g*l - 12*l. What are the prime factors of l?
2, 23
Let h = 1160 + 136. List the prime factors of h.
2, 3
Suppose a + a - 4 = 0. Suppose -2*v - a*r = -r - 74, 4*r = -5*v + 182. List the prime factors of v.
2, 19
Suppose 560 = y - 4*p - 507, 2144 = 2*y - 3*p. What are the prime factors of y?
5, 43
Let v(d) = -d**3 + 8*d**2 - 7*d + 2. Let o be v(7). Suppose -o*b + 2*i + 115 + 151 = 0, 0 = -4*b + 3*i + 536. List the prime factors of b.
137
Suppose -j + 247 = 2*u - 0*j, -5*u - 5*j = -615. Suppose 6*h = 68 + u. What are the prime factors of h?
2
Let p = 14 + -16. Let d be (p - -3)*1*34. Suppose 2*r - 3*k - d = -0, 3*r = -3*k + 36. What are the prime factors of r?
2, 7
Let p be -3 - (-8 - (-3 - -1)). Suppose p*c = -15 + 12. What are the prime factors of (0 + c)/((-5)/80)?
2
Suppose m + s - 132 = 0, -s = 2*m + 3*s - 258. Let i = m - 87. List the prime factors of i.
2, 3
Let s be (-19)/(-7) + -3 + 248/(-14). What are the prime factors of ((s/8)/(-9))/(2/968)?
11
Suppose -60 = -2*w - 3*w. Let r be 78/(-8) + 9/w. List the prime factors of (-20)/6*r + -2.
2, 7
Let j(x) be the second derivative of 3*x**2 - 3/4*x**4 - 1/2*x**3 + 4*x - 1/20*x**5 + 0. List the prime factors of j(-9).
3, 11
Suppose -18*h + 17*h + 3992 = 0. List the prime factors of h.
2, 499
List the prime factors of (-5)/(-3) + (-1855)/(-3).
2, 5, 31
Suppose 10*d = 13*d - 9. List the prime factors of -2 + d + (13 - 4).
2, 5
Suppose -2*x + 6 - 2 = 0. Suppose x*a = i - 78, 5*a - 183 = -0*i - 2*i. List the prime factors of i.
2, 3, 7
Let l = 29 - 37. Let q = l - -35. What are the prime factors of q?
3
Let i(v) = -15*v**3 + 6*v**2 + 4*v + 14. List the prime factors of i(-4).
2, 17, 31
Let c(l) = -l**3 - 24*l**2 - 66*l + 45. What are the prime factors of c(-25)?
2, 5, 29
Let l(g) = g**2 + 14. Let w be l(9). Let i = w - -29. List the prime factors of i.
2, 31
Suppose -362 - 226 = -6*p. List the prime factors of 9/(-18)*p/(-1).
7
Let m(t) = 41*t + 13. Let b be m(5). Suppose -91 = -c - f, 5*c + f - b = 221. What a